t is the units digit of 4816?
6
What is the units digit of 893?
3
What is the hundreds digit of 411?
4
What is the hundreds digit of 947?
9
What is the hundreds digit of 407?
4
What is the thousands digit of 26359?
6
What is the tens digit of 21885?
8
What is the hundreds digit of 1558?
5
What is the tens digit of 198?
9
What is the hundreds digit of 764?
7
What is the hundreds digit of 2645?
6
What is the units digit of 5442?
2
What is the units digit of 49008?
8
What is the hundreds digit of 232?
2
What is the thousands digit of 6221?
6
What is the thousands digit of 1907?
1
What is the ten thousands digit of 10368?
1
What is the units digit of 6176?
6
What is the ten thousands digit of 35585?
3
What is the thousands digit of 114521?
4
What is the units digit of 20282?
2
What is the hundreds digit of 1051?
0
What is the hundreds digit of 329?
3
What is the thousands digit of 10991?
0
What is the tens digit of 902?
0
What is the hundreds digit of 487?
4
What is the thousands digit of 1769?
1
What is the hundreds digit of 10213?
2
What is the hundreds digit of 1022?
0
What is the units digit of 81?
1
What is the units digit of 1539?
9
What is the hundreds digit of 48225?
2
What is the units digit of 10706?
6
What is the hundreds digit of 23664?
6
What is the units digit of 19065?
5
What is the ten thousands digit of 19056?
1
What is the tens digit of 841?
4
What is the tens digit of 9742?
4
What is the units digit of 11138?
8
What is the units digit of 90798?
8
What is the tens digit of 156?
5
What is the tens digit of 2337?
3
What is the tens digit of 89?
8
What is the units digit of 3868?
8
What is the thousands digit of 2359?
2
What is the units digit of 5289?
9
What is the thousands digit of 51431?
1
What is the hundreds digit of 21949?
9
What is the ten thousands digit of 11756?
1
What is the thousands digit of 3406?
3
What is the tens digit of 1490?
9
What is the units digit of 106142?
2
What is the tens digit of 76873?
7
What is the units digit of 10727?
7
What is the units digit of 4?
4
What is the tens digit of 20218?
1
What is the units digit of 81426?
6
What is the ten thousands digit of 59260?
5
What is the units digit of 1683?
3
What is the tens digit of 7358?
5
What is the units digit of 38605?
5
What is the units digit of 5295?
5
What is the tens digit of 55338?
3
What is the hundreds digit of 1071?
0
What is the ten thousands digit of 81598?
8
What is the hundreds digit of 1775?
7
What is the tens digit of 2662?
6
What is the thousands digit of 3064?
3
What is the thousands digit of 9361?
9
What is the tens digit of 88?
8
What is the units digit of 5993?
3
What is the units digit of 1663?
3
What is the hundreds digit of 7773?
7
What is the tens digit of 1390?
9
What is the hundreds digit of 6034?
0
What is the hundreds digit of 1926?
9
What is the thousands digit of 1274?
1
What is the hundreds digit of 2976?
9
What is the hundreds digit of 525?
5
What is the hundreds digit of 14079?
0
What is the thousands digit of 8456?
8
What is the units digit of 1141?
1
What is the tens digit of 20948?
4
What is the tens digit of 67?
6
What is the ten thousands digit of 28859?
2
What is the thousands digit of 5065?
5
What is the tens digit of 22914?
1
What is the hundreds digit of 5364?
3
What is the tens digit of 152?
5
What is the units digit of 1816?
6
What is the tens digit of 26955?
5
What is the tens digit of 3192?
9
What is the hundreds digit of 226?
2
What is the thousands digit of 3426?
3
What is the tens digit of 23419?
1
What is the ten thousands digit of 10110?
1
What is the units digit of 2?
2
What is the tens digit of 55275?
7
What is the units digit of 922?
2
What is the hundreds digit of 3399?
3
What is the thousands digit of 3101?
3
What is the tens digit of 46776?
7
What is the units digit of 79225?
5
What is the tens digit of 64832?
3
What is the tens digit of 82?
8
What is the tens digit of 1746?
4
What is the thousands digit of 1197?
1
What is the thousands digit of 25131?
5
What is the hundreds digit of 52341?
3
What is the ten thousands digit of 149425?
4
What is the tens digit of 3578?
7
What is the thousands digit of 1757?
1
What is the units digit of 944?
4
What is the hundreds digit of 496?
4
What is the hundreds digit of 66847?
8
What is the tens digit of 30780?
8
What is the tens digit of 6076?
7
What is the hundreds digit of 524?
5
What is the tens digit of 3727?
2
What is the units digit of 95986?
6
What is the hundreds digit of 87170?
1
What is the hundreds digit of 23415?
4
What is the thousands digit of 2127?
2
What is the tens digit of 14411?
1
What is the units digit of 2656?
6
What is the tens digit of 59205?
0
What is the units digit of 55988?
8
What is the units digit of 916?
6
What is the thousands digit of 1696?
1
What is the hundreds digit of 379?
3
What is the hundreds digit of 78153?
1
What is the hundreds digit of 6191?
1
What is the thousands digit of 21361?
1
What is the thousands digit of 2249?
2
What is the units digit of 1116?
6
What is the ten thousands digit of 67560?
6
What is the hundreds digit of 12014?
0
What is the tens digit of 1138?
3
What is the hundreds digit of 37216?
2
What is the units digit of 580?
0
What is the units digit of 1891?
1
What is the units digit of 10196?
6
What is the tens digit of 1281?
8
What is the units digit of 351?
1
What is the tens digit of 8033?
3
What is the thousands digit of 2293?
2
What is the thousands digit of 4178?
4
What is the hundreds digit of 300?
3
What is the thousands digit of 79299?
9
What is the thousands digit of 1084?
1
What is the thousands digit of 25294?
5
What is the ten thousands digit of 51122?
5
What is the thousands digit of 3307?
3
What is the hundreds digit of 2166?
1
What is the hundreds digit of 2032?
0
What is the units digit of 73162?
2
What is the tens digit of 1229?
2
What is the ten thousands digit of 35925?
3
What is the tens digit of 109894?
9
What is the units digit of 369?
9
What is the thousands digit of 2695?
2
What is the hundreds digit of 23554?
5
What is the units digit of 11828?
8
What is the thousands digit of 69493?
9
What is the thousands digit of 1597?
1
What is the units digit of 7611?
1
What is the hundreds digit of 4350?
3
What is the units digit of 4232?
2
What is the tens digit of 108687?
8
What is the ten thousands digit of 176358?
7
What is the hundreds digit of 36522?
5
What is the tens digit of 1172?
7
What is the ten thousands digit of 28748?
2
What is the units digit of 20072?
2
What is the hundreds digit of 5530?
5
What is the hundreds digit of 107287?
2
What is the thousands digit of 44800?
4
What is the ten thousands digit of 21154?
2
What is the hundreds digit of 163?
1
What is the hundreds digit of 3608?
6
What is the units digit of 32635?
5
What is the hundreds digit of 6435?
4
What is the units digit of 15660?
0
What is the ten thousands digit of 23649?
2
What is the units digit of 4860?
0
What is the tens digit of 8821?
2
What is the tens digit of 3551?
5
What is the tens digit of 151259?
5
What is the units digit of 85856?
6
What is the ten thousands digit of 63399?
6
What is the thousands digit of 10203?
0
What is the hundreds digit of 215?
2
What is the hundreds digit of 77240?
2
What is the hundreds digit of 10462?
4
What is the units digit of 351?
1
What is the hundreds digit of 2987?
9
What is the units digit of 1085?
5
What is the ten thousands digit of 14442?
1
What is the hundreds digit of 25396?
3
What is the units digit of 34872?
2
What is the tens digit of 1641?
4
What is the hundreds digit of 135141?
1
What is the ten thousands digit of 28129?
2
What is the hundred thousands digit of 127670?
1
What is the thousands digit of 61767?
1
What is the tens digit of 19790?
9
What is the tens digit of 24515?
1
What is the thousands digit of 1086?
1
What is the hundreds digit of 6808?
8
What is the tens digit of 9838?
3
What is the hundreds digit of 39567?
5
What is the thousands digit of 10067?
0
What is the units digit of 680?
0
What is the units digit of 17296?
6
What is the units digit of 14198?
8
What is the thousands digit of 9508?
9
What is the hundreds digit of 411?
4
What is the ten thousands digit of 31374?
3
What is the thousands digit of 44371?
4
What is the hundreds